s 8c0 (base 14) in base 15?
7ab
862 (base 13) to base 11
1092
Convert -8114 (base 10) to base 4.
-1332302
What is -171 (base 13) in base 15?
-126
Convert -18b (base 14) to base 4.
-10333
Convert -113 (base 11) to base 14.
-99
What is 1001211 (base 3) in base 2?
1100001010
-5a77 (base 14) to base 6
-201025
21233 (base 4) to base 15
2b8
What is -155112 (base 8) in base 14?
-16518
What is 12b (base 13) in base 12?
152
-716 (base 11) to base 10
-864
What is -4a7 (base 15) in base 13?
-634
230 (base 14) to base 15
1de
235432 (base 6) to base 13
9551
Convert -110000100 (base 2) to base 16.
-184
What is -123 (base 5) in base 10?
-38
What is 24715 (base 8) in base 16?
29cd
33224 (base 5) to base 6
14414
What is -16aa (base 11) in base 16?
-881
-3301 (base 8) to base 5
-23404
21202130 (base 4) to base 7
221621
1515 (base 13) to base 11
2332
-2205 (base 6) to base 15
-23e
What is 90c5 (base 13) in base 5?
1114214
Convert -1131100 (base 4) to base 14.
-2264
What is -11333322 (base 4) in base 7?
-131430
What is d28 (base 15) in base 11?
2254
-1540 (base 7) to base 5
-4431
-1006 (base 13) to base 12
-1337
17093 (base 11) to base 3
1020000010
-8ad1 (base 14) to base 7
-130151
Convert -10304 (base 5) to base 12.
-4a8
-2017 (base 10) to base 16
-7e1
Convert 241241 (base 8) to base 10.
82593
Convert -15210 (base 7) to base 16.
-107d
Convert 10000011110 (base 2) to base 9.
1401
234 (base 8) to base 12
110
Convert -1000100000101010 (base 2) to base 10.
-34858
Convert 22111 (base 4) to base 6.
3021
What is -1a71 (base 14) in base 10?
-4803
-1330310 (base 4) to base 11
-6002
Convert 296 (base 13) to base 16.
1cd
Convert -2155 (base 6) to base 2.
-111110111
Convert 2300 (base 5) to base 15.
16a
What is 75644 (base 8) in base 11?
21865
10201122222 (base 3) to base 14
1ca5b
Convert 55b (base 12) to base 6.
3355
111234 (base 6) to base 8
22246
What is -7048 (base 9) in base 5?
-131042
Convert -107 (base 16) to base 12.
-19b
2b0 (base 16) to base 4
22300
What is 110022 (base 3) in base 15?
172
What is 1776 (base 14) in base 6?
31312
884 (base 11) to base 2
10000100100
1100110 (base 3) to base 9
1313
What is 1008 (base 9) in base 11?
610
What is -2001122 (base 4) in base 14?
-3038
-2326 (base 11) to base 8
-5755
Convert -3605 (base 8) to base 3.
-2122022
-14a80 (base 13) to base 3
-1222200202
What is -1302 (base 4) in base 15?
-79
Convert 1841 (base 10) to base 8.
3461
Convert -e38 (base 16) to base 3.
-11222211
What is -1484 (base 13) in base 2?
-101110100101
-19630 (base 12) to base 5
-2142223
Convert -2023111 (base 5) to base 10.
-32906
531 (base 6) to base 12
147
What is 200112 (base 4) in base 6?
13330
What is -1101 (base 2) in base 6?
-21
What is -149 (base 10) in base 2?
-10010101
11230313 (base 4) to base 5
1221401
What is -6206 (base 9) in base 2?
-1000110111110
Convert 101443 (base 5) to base 16.
d2d
Convert -a193 (base 16) to base 14.
-11107
-315531 (base 6) to base 12
-12ba7
What is 351 (base 14) in base 6?
3015
Convert 351 (base 13) to base 7.
1446
What is 507 (base 11) in base 16?
264
Convert -1684 (base 10) to base 8.
-3224
What is -1001002 (base 3) in base 8?
-1366
114 (base 13) to base 2
10111010
Convert 1201 (base 8) to base 12.
455
110112 (base 3) to base 11
288
Convert -4474 (base 8) to base 4.
-210330
What is -2100020 (base 4) in base 8?
-22010
What is -9173 (base 16) in base 4?
-21011303
What is 467 (base 15) in base 13?
5b9
148 (base 9) to base 10
125
-2112101220 (base 3) to base 9
-75356
12a31 (base 12) to base 5
1310134
Convert 112011 (base 3) to base 9.
464
3652 (base 7) to base 15
60a
-4063a (base 11) to base 3
-10000101112
What is 82d9 (base 15) in base 9?
41836
Convert -102625 (base 9) to base 10.
-61016
What is -1000000001100 (base 2) in base 16?
-100c
1400 (base 10) to base 2
10101111000
What is 1021102 (base 3) in base 15?
41e
What is 10252 (base 12) in base 9?
31828
Convert 6107 (base 12) to base 7.
42445
43b5 (base 13) to base 4
2103203
40c7 (base 16) to base 10
16583
What is -138d (base 15) in base 12?
-2507
Convert 744 (base 13) to base 2.
10011010111
What is -4318 (base 10) in base 16?
-10de
43431 (base 8) to base 15
55d6
Convert -120012 (base 3) to base 2.
-110011010
Convert -111000001 (base 2) to base 6.
-2025
2671a (base 12) to base 14
153a6
10000010101111 (base 2) to base 15
272c
86787 (base 10) to base 13
3066c
What is -268 (base 10) in base 2?
-100001100
Convert -853 (base 9) to base 2.
-1010111000
-31231 (base 4) to base 11
-728
Convert -162435 (base 7) to base 5.
-2011441
Convert -20b (base 14) to base 8.
-623
Convert 301003 (base 6) to base 8.
55773
What is 28a9a (base 12) in base 8?
157026
What is 11100010110100 (base 2) in base 7?
60215
111101001110010 (base 2) to base 9
46888
110101000 (base 2) to base 10
424
-221121 (base 3) to base 2
-1010110011
440 (base 13) to base 5
10403
What is 826 (base 10) in base 4?
30322
83 (base 11) to base 9
111
108431 (base 9) to base 15
144dd
-201a (base 15) to base 3
-100021221
Convert -67315 (base 8) to base 5.
-1401430
15374 (base 9) to base 12
6104
Convert -12521 (base 7) to base 5.
-101342
What is 220030 (base 5) in base 15?
2360
-10011010011110111 (base 2) to base 8
-232367
beac (base 15) to base 7
225615
239 (base 16) to base 14
2c9
-3361 (base 7) to base 11
-a09
What is 121221 (base 3) in base 2?
111001001
What is 1022242 (base 5) in base 11?
11a14
Convert 25365 (base 8) to base 12.
6445
Convert -13b (base 16) to base 7.
-630
Convert -421 (base 13) to base 9.
-861
What is -5553 (base 6) in base 10?
-1293
-17107 (base 9) to base 12
-6974
Convert 515 (base 6) to base 8.
277
What is -1110010100 (base 2) in base 8?
-1624
Convert -1c47 (base 14) to base 9.
-7062
-92 (base 15) to base 14
-9b
Convert -922 (base 12) to base 11.
-aa2
What is -1310 (base 6) in base 16?
-14a
466 (base 9) to base 12
280
-21056 (base 8) to base 2
-10001000101110
23552 (base 7) to base 2
1011111100001
Convert -2b7 (base 15) to base 11.
-516
1631 (base 9) to base 8
2333
610 (base 8) to base 13
242
Convert 670 (base 10) to base 6.
3034
-13 (base 7) to base 9
-11
What is -dd0a (base 14) in base 13?
-1452a
-7c3 (base 15) to base 3
-2102010
Convert -26261 (base 10) to base 5.
-1320021
What is -1205 (base 11) in base 5?
-22303
-14424 (base 8) to base 12
-3870
8a (base 15) to base 5
1010
Convert d2b (base 14) to base 10.
2587
2338 (base 13) to base 10
4948
6a1 (base 14) to base 6
10033
Convert -35336 (base 7) to base 12.
-5318
What is 1000101000000 (base 2) in base 16?
1140
What is -13bb (base 12) in base 15?
-a38
-212021 (base 4) to base 9
-3312
What is -1002 (base 10) in base 9?
-1333
112130 (base 4) to base 9
1865
What is 23131101 (base 4) in base 16?
b751
669 (base 14) to base 12
899
-30 (base 14) to base 10
-42
Convert -11a0 (base 13) to base 3.
-10102110
Convert -6474 (base 8) to base 3.
-11122111
-679 (base 10) to base 12
-487
-101101111 (base 2) to base 11
-304
-5d8 (base 15) to base 16
-530
What is 11231 (base 6) in base 9?
2171
319 (base 11) to base 8
577
Convert 13034 (base 5) to base 12.
70b
What is 47 (base 10) in base 13?
38
Convert 20201121 (base 3) to base 15.
16bd
What is -1453 (base 8) in base 15?
-391
-546 (base 7) to base 3
-101100
Convert c3a (base 13) to base 3.
2211221
Convert 3376 (base 11) to base 3.
20002102
Convert 599 (base 10) to base 3.
211012
-1887 (base 12) to base 8
-5647
-3422 (base 5) to base 10
-487
What is 54421 (base 8) in base 14?
8449
6c9 (base 14) to base 9
1763
What is 151c (base 13) in base 2?
101111111011
What is 27a3 (base 16) in base 7?
41404
Convert 24872 (base 10) to base 13.
b423
-3542 (base 8) to base 4
-131202
-20000 (base 4) to base 5
-4022
55f (base 16) to base 5
21000
What is -9b1 (base 12) in base 4?
-112111
What is 110100011010011 (base 2) in base 15?
7e40
-3d2 (base 14) to base 3
-1001121
Convert -59b (base 16) to base 3.
-1222011
What is 10111010000 (base 2) in base 10?
1488
Convert 92a9 (base 15) to base 9.
46446
Convert -15b3b (base 15) to base 4.
-101012033
What is 201044 (base 6) in base 14?
5a84
-1150 (base 9) to base 11
-708
-402 (base 16) to base 10
-1026
112 (base 14) to base 6
552
Convert 1311 (base 7) to base 2.
111110010
What is 1022214 (base 5) in base 8?
41440
What is -6641 (base 7) in base 14?
-c21
What is 102203 (base 4) in base 5?
14222
476 (